m be x(3). Calculate the highest common factor of m and 8.
2
Let h(s) = s**3 - 7*s**2 + s - 3. Let w be h(7). What is the highest common factor of w and 16?
4
Let t(f) = 5*f - 5. Let p be t(7). Suppose 2*o - o = p. Calculate the highest common divisor of 75 and o.
15
Let c(l) = -4*l - 4. Let q be c(-8). Calculate the greatest common factor of q and 14.
14
Let b = 3 + -8. Let u(i) = -4*i - 7. Let l be u(b). Calculate the highest common divisor of l and 39.
13
Let f be (-1)/(0 + 1) + 1. Let s be 3/(f - 6/(-200)). Let r be 2864/72 + 2 + (-32)/18. What is the greatest common divisor of s and r?
20
Let n = 41 - -11. What is the highest common factor of n and 13?
13
Suppose -5*j + 3*j = -18. Suppose 0 + 36 = 4*w. What is the highest common divisor of j and w?
9
Let k = 48 + -25. Suppose -55 + k = -3*y - 4*i, y - 28 = 3*i. Let m(f) = 3*f**2 + 8*f + 5. Let o be m(-5). Calculate the highest common factor of o and y.
8
Suppose 3 = h, -3*y + 2*h + 334 = y. Let s(c) = -c**2 - 8*c + 10. Let m be s(-7). What is the greatest common factor of m and y?
17
Let y = -51 - -72. Suppose -q - 2*v + y = 0, 0*q - q - 3*v = -26. Calculate the highest common divisor of q and 77.
11
Let t be (30/(-8))/((-1)/24). Suppose -7 - 43 = -3*c - 2*h, 0 = -4*c + 2*h + t. Let s = 118 - 58. What is the highest common factor of c and s?
20
Let j be (-1)/(-2)*-1*-4. Suppose -5*l - 2*m + 714 = m, m + j = 0. Calculate the greatest common divisor of 16 and l.
16
Suppose -85 = -t + 19. Suppose -5*j = -4*j - t. Suppose j = 2*n + 2*n. Calculate the greatest common divisor of 39 and n.
13
Let t(o) = 6*o - 8. Let b be t(6). Suppose 4*d + b = 5*g, -4*g + 3*d + 24 = -d. What is the greatest common factor of g and 44?
4
Let d(c) = -c**3 - 4*c**2 + 4*c. Let o be d(-4). Let n(u) = u**2 + 14*u - 20. Let v be n(o). Calculate the greatest common factor of 30 and v.
6
Let s be (-2 - -29) + -8 + 8. Calculate the highest common divisor of 9 and s.
9
Let g(z) = z**2 + 2*z - 14. Let k be g(-10). Let f(l) = -6*l. Suppose c = 4*c + 3. Let t be f(c). Calculate the greatest common factor of k and t.
6
Let a be 26*(-6)/(-24) - (-10)/(-4). Let z(t) = t**2 - t + 12. Let f be z(0). What is the greatest common divisor of a and f?
4
Let g = 8 + -4. Let i be 21/27 + g/18. What is the highest common factor of 11 and i?
1
Suppose 0 = 5*w + 2*b - 11, 2*w + 5*b = -3*w + 5. Calculate the highest common factor of w and 3.
3
Let z(o) = -34*o. Let h = -5 - -1. Let g be z(h). Let d = -42 + 59. What is the highest common factor of g and d?
17
Let i be -9*1*-1*1. Let m be 7/9 - (-1 - (-56)/72). What is the greatest common divisor of m and i?
1
Let g be 5*2*(-1)/(-2). Let w be ((-9)/(-15))/(1/g). Let s be -3*7*(-2)/w. Calculate the greatest common divisor of 35 and s.
7
Suppose 9*v - 35 = 28. Calculate the highest common divisor of 28 and v.
7
Let q = 100 + -202. Let b be -1 - -1 - (q - -6). What is the greatest common divisor of b and 12?
12
Let k be 8/28 + 82/7. Let d = 14 + -9. Suppose d*h + 14 = 3*b, b + h = 1 + 1. What is the highest common divisor of b and k?
3
Let s = 11 - -59. What is the greatest common factor of s and 14?
14
Let u = 24 + 18. Let z(c) = c**3 - 6*c**2 - 7*c. Let n be z(7). Suppose n = g - 6. Calculate the greatest common factor of u and g.
6
Suppose -5*c = -2*s + 1, 4*c = -4*s + 18 + 54. Let y = 31 - s. Calculate the greatest common divisor of 90 and y.
18
Let c(w) = -3*w + 13. Let x be c(-13). Calculate the greatest common factor of x and 13.
13
Let w(u) = u**2 - 11*u - 111. Let b be w(21). Suppose -2*h = -3*j + 29, -4*j - 9*h = -4*h - 54. What is the highest common divisor of j and b?
11
Let v(w) = 19*w**2 + 1. Let s be v(1). Suppose -s = -4*c - 0*c, 869 = 4*z + c. Calculate the highest common divisor of 24 and z.
24
Suppose 3*l - 3*p = -2*p + 86, l - 20 = -4*p. Let r(n) = 5*n**2 + n. Let x be r(-3). What is the highest common divisor of x and l?
14
Suppose x = -2*n - 0*x + 24, -4*n + 52 = x. What is the greatest common factor of n and 154?
14
Suppose 0*c - c - 5*a - 6 = 0, -15 = 5*a. What is the highest common factor of c and 72?
9
Let m be (-21)/9*-3*3. What is the greatest common divisor of m and 7?
7
Let c(j) = -13*j - 2. Let v be c(-4). What is the greatest common divisor of v and 10?
10
Suppose 4*f + 5*m = 63, f = -4*f + 2*m + 120. What is the greatest common factor of 22 and f?
22
Let b = -9 + 14. Suppose -b*f + 229 = -91. Calculate the greatest common divisor of 8 and f.
8
Let j be 103 + (-2 - -4 - 1). Let h = -19 - -32. Calculate the highest common divisor of j and h.
13
Suppose -3*z = -2*g + 17, -g + 3*z = -4*g + 3. Suppose -3*i - 2*i = -g*s - 90, -2*i + 23 = s. Calculate the highest common factor of 28 and i.
14
Suppose 4*i = 3*x + 48, 5*x + 14 = 2*i + x. Calculate the greatest common factor of 75 and i.
15
Suppose -4*g = -9 - 11. Suppose -g*o = 3*b + 2*b - 10, 0 = -2*o. Let v be b/(-5) - (-724)/10. Calculate the highest common factor of 18 and v.
18
Let f(y) = -y**2 + 12*y + 14. Let b be f(11). What is the highest common factor of 200 and b?
25
Let x(b) = -8*b + 4. Let f be x(-7). Suppose -v + f = 2*v. Suppose -5*w + 37 = -113. Calculate the greatest common divisor of w and v.
10
Suppose -6 = y - 2. Let m(s) = -s**3 - 4*s**2 - 4*s + 2. Let l be m(y). Let j be 20*((-4)/4 - (-26)/8). Calculate the highest common factor of l and j.
9
Suppose 0 = 4*h - 3 - 21. Let k(z) = z**3 - 5*z**2 - 3*z - 8. Let q be k(h). Calculate the highest common divisor of 70 and q.
10
Suppose -5*f - 402 = -4*r, 55 = r + 5*f - 33. Suppose 3*n - 117 = -3*a, -5*n + 5*a = -57 - r. Calculate the greatest common factor of 14 and n.
7
Let c(z) = z**3 - 5*z**2 + 4*z - 14. Let w be c(5). Suppose 0 = 4*k - 215 - 73. Suppose w*o - 2*o = k. Calculate the highest common divisor of o and 9.
9
Let o = 4 - 2. Suppose -o*k + b + 5 = 0, 5 = -b + 4. Suppose -223 - 137 = -k*h. What is the highest common factor of 20 and h?
20
Let f be (-1 - 40/(-25))*5. What is the greatest common factor of f and 3?
3
Suppose -2*t - 95 = -5*i, 3*i - t - 4*t - 76 = 0. Let s = 254 - 67. Calculate the greatest common divisor of i and s.
17
Suppose 2*n = p - 24, -5*p = -3*n + 7*n - 162. What is the greatest common factor of p and 45?
15
Suppose -12*d = 370 + 278. Suppose -3*z + 40 = 2*z. Let a be (-16)/3*d/z. What is the greatest common divisor of 4 and a?
4
Let p be -38 - 1/2*-2. Let k be p/(-3) - (-6)/9. Calculate the highest common factor of k and 130.
13
Let c(a) = -a - 12. Let u be c(-10). Let r be (-96)/(-4)*(-2)/u. What is the highest common factor of 60 and r?
12
Let z(p) = 28*p**2 + 3*p. Let g be z(-1). What is the highest common factor of 15 and g?
5
Suppose 3*n - 6*n = -66. Let k(l) = -5*l. Let s be k(-11). Calculate the greatest common factor of n and s.
11
Suppose -4*o = -2*c + 424, -c + 3*o + 218 = 4*o. Let i = -69 + c. Calculate the greatest common divisor of i and 21.
21
Let z(i) = i + 27 + 2*i - 2*i. Let k be z(0). What is the greatest common divisor of k and 18?
9
Let y = 39 + -19. Let x = 321 + -317. What is the greatest common factor of y and x?
4
Suppose 2*d + 7 + 134 = 5*t, -2*d + 149 = 5*t. Let o = t - 3. Calculate the greatest common factor of o and 39.
13
Let c = 68 - 42. Suppose -f - 2*f + 126 = 3*k, -5*f - 3*k + 204 = 0. Calculate the greatest common divisor of c and f.
13
Let c = 40 - 30. Calculate the highest common factor of c and 1.
1
Let j(h) = 2*h**2 + 6*h - 6. Let f be 4 - (-4 - -3)*-10. Let l be j(f). Calculate the highest common divisor of l and 45.
15
Suppose 0*p + 3*p - 9 = 0. Calculate the highest common divisor of 30 and p.
3
Let m(i) = i**3 - i**2 - 4*i + 4. Let r be m(3). Let l = -17 - -32. Calculate the highest common factor of r and l.
5
Let l(s) = s + 15. Let c(x) = -5*x - 60. Let n(b) = 2*c(b) + 9*l(b). Let r be n(7). What is the highest common divisor of r and 72?
8
Let z(h) = h**3 + 8*h**2 + 11*h + 10. Let g be z(-4). What is the highest common divisor of 6 and g?
6
Let w(g) = 17*g - 1. Let f be w(1). Suppose -4*a = 5*p - 0*p - 78, -p - a = -f. Calculate the greatest common divisor of p and 2.
2
Suppose 130 - 4 = h. Calculate the highest common divisor of h and 14.
14
Let d be 20 + (3 + -1)*2. What is the highest common divisor of 8 and d?
8
Let d(o) = 4*o**2. Let m be d(1). Suppose 3*k + k - 84 = 3*h, -